{"id":881,"date":"2024-10-04T20:01:23","date_gmt":"2024-10-04T20:01:23","guid":{"rendered":"https:\/\/hematofesti.com\/index.php\/invitados\/arantxa-amatriain\/"},"modified":"2024-11-02T18:37:34","modified_gmt":"2024-11-02T17:37:34","slug":"arantxa-amatriain","status":"publish","type":"invitados","link":"https:\/\/hematofesti.com\/es\/invitados\/arantxa-amatriain\/","title":{"rendered":"Arantxa Amatriain"},"content":{"rendered":"<p>Licenciada en Filolog\u00eda Hisp\u00e1nica y con estudios en la EOI de Vigo de Franc\u00e9s y Gallego, trabaj\u00f3 durante a\u00f1os en el mundo de la educaci\u00f3n. Desde algo m\u00e1s de una d\u00e9cada, forma parte del equipo de Editorial Elvira, ocup\u00e1ndose de la revisi\u00f3n y correcci\u00f3n de textos, as\u00ed como de la supervisi\u00f3n de las ediciones.<\/p>\n","protected":false},"featured_media":1028,"template":"","class_list":["post-881","invitados","type-invitados","status-publish","has-post-thumbnail","hentry"],"_links":{"self":[{"href":"https:\/\/hematofesti.com\/es\/wp-json\/wp\/v2\/invitados\/881","targetHints":{"allow":["GET"]}}],"collection":[{"href":"https:\/\/hematofesti.com\/es\/wp-json\/wp\/v2\/invitados"}],"about":[{"href":"https:\/\/hematofesti.com\/es\/wp-json\/wp\/v2\/types\/invitados"}],"version-history":[{"count":1,"href":"https:\/\/hematofesti.com\/es\/wp-json\/wp\/v2\/invitados\/881\/revisions"}],"predecessor-version":[{"id":2608,"href":"https:\/\/hematofesti.com\/es\/wp-json\/wp\/v2\/invitados\/881\/revisions\/2608"}],"wp:featuredmedia":[{"embeddable":true,"href":"https:\/\/hematofesti.com\/es\/wp-json\/wp\/v2\/media\/1028"}],"wp:attachment":[{"href":"https:\/\/hematofesti.com\/es\/wp-json\/wp\/v2\/media?parent=881"}],"curies":[{"name":"wp","href":"https:\/\/api.w.org\/{rel}","templated":true}]}}

<p>Licenciada en Filología Hispánica y con estudios en la EOI de Vigo de Francés y Gallego, trabajó durante años en el mundo de la educación. Desde algo más de una década, forma parte del equipo de Editorial Elvira, ocupándose de la revisión y corrección de textos, así como de la supervisión de las ediciones.</p>
