{"id":619,"date":"2024-10-04T20:00:40","date_gmt":"2024-10-04T20:00:40","guid":{"rendered":"https:\/\/hematofesti.com\/index.php\/invitados\/marcos-calveiro\/"},"modified":"2024-11-02T18:37:54","modified_gmt":"2024-11-02T17:37:54","slug":"marcos-calveiro","status":"publish","type":"invitados","link":"https:\/\/hematofesti.com\/es\/invitados\/marcos-calveiro\/","title":{"rendered":"Marcos Calveiro"},"content":{"rendered":"<p>Marcos Calveiro naci\u00f3 en Vilagarc\u00eda de Arousa en el a\u00f1o 1968 y actualmente reside en Teis. Ejerci\u00f3 la abogac\u00eda, fue DJ, t\u00e9cnico de sonido, tabernero y ahora trabaja como director de ediciones en la Editorial Galaxia. Comenz\u00f3 su carrera literaria con obras dedicadas a la literatura infantil y juvenil. En este campo recibi\u00f3 numerosos premios, como el Ala Delta, el Barco de Vapor, el Lazarillo o el Merl\u00edn. Tambi\u00e9n public\u00f3 obras en el campo de la poes\u00eda y el ensayo y en 2008 public\u00f3 su primera novela dirigida al p\u00fablico adulto, \u201cFestina Lente\u201d, reconocida con el Premio da Cr\u00edtica de narrativa galega.<\/p>\n<p>En 2015 gan\u00f3 el IX Premio Narrativa Breve Repsol con la novela \u201cFont\u00e1n\u201d y en 2017 el XXIX Premio Garc\u00eda Barros con la novela \u201cO xardineiro dos ingleses\u201d. En el a\u00f1o 2022 publica la novela \u201cCurros &amp; Holmes No Misterio D\u2019O Kapital\u201d.<\/p>\n","protected":false},"featured_media":1065,"template":"","class_list":["post-619","invitados","type-invitados","status-publish","has-post-thumbnail","hentry"],"_links":{"self":[{"href":"https:\/\/hematofesti.com\/es\/wp-json\/wp\/v2\/invitados\/619","targetHints":{"allow":["GET"]}}],"collection":[{"href":"https:\/\/hematofesti.com\/es\/wp-json\/wp\/v2\/invitados"}],"about":[{"href":"https:\/\/hematofesti.com\/es\/wp-json\/wp\/v2\/types\/invitados"}],"version-history":[{"count":1,"href":"https:\/\/hematofesti.com\/es\/wp-json\/wp\/v2\/invitados\/619\/revisions"}],"predecessor-version":[{"id":2609,"href":"https:\/\/hematofesti.com\/es\/wp-json\/wp\/v2\/invitados\/619\/revisions\/2609"}],"wp:featuredmedia":[{"embeddable":true,"href":"https:\/\/hematofesti.com\/es\/wp-json\/wp\/v2\/media\/1065"}],"wp:attachment":[{"href":"https:\/\/hematofesti.com\/es\/wp-json\/wp\/v2\/media?parent=619"}],"curies":[{"name":"wp","href":"https:\/\/api.w.org\/{rel}","templated":true}]}}

<p>Marcos Calveiro nació en Vilagarcía de Arousa en el año 1968 y actualmente reside en Teis. Ejerció la abogacía, fue DJ, técnico de sonido, tabernero y ahora trabaja como director de ediciones en la Editorial Galaxia. Comenzó su carrera literaria con obras dedicadas a la literatura infantil y juvenil. En este campo recibió numerosos premios, como el Ala Delta, el Barco de Vapor, el Lazarillo o el Merlín. También publicó obras en el campo de la poesía y el ensayo y en 2008 publicó su primera novela dirigida al público adulto, “Festina Lente”, reconocida con el Premio da Crítica de narrativa galega.</p>
<p>En 2015 ganó el IX Premio Narrativa Breve Repsol con la novela “Fontán” y en 2017 el XXIX Premio García Barros con la novela “O xardineiro dos ingleses”. En el año 2022 publica la novela “Curros &amp; Holmes No Misterio D’O Kapital”.</p>
